h(t) = t**3 - 13*t**2 - 2*t - 44. Let k be h(14). Suppose -122*i - 774 = -k*i. What are the prime factors of i?
3, 43
Suppose -p + 24 = 5*p. Suppose c + 2*c = p*z - 14, 3*c + 8 = z. Suppose -4*x + 155 = 3*u, 2*x + z*u - 75 = u. List the prime factors of x.
5, 7
Suppose q - 79590 - 870 = -11*q. What are the prime factors of q?
3, 5, 149
Suppose 37*g - 1959888 + 230693 = 0. What are the prime factors of g?
5, 13, 719
Suppose -4*q + 5*v + 53968 = 0, -270*v - 40473 = -3*q - 267*v. List the prime factors of q.
13487
Let f(k) = -1434*k + 42. What are the prime factors of f(-5)?
2, 3, 601
Let k be (32/6)/(1/12). Suppose 392*u + 34 = 390*u. Let c = u + k. List the prime factors of c.
47
Suppose 0 = 3*m - 6. Let o(p) = -20 + 66*p + 43*p**2 + 11 + 5 - 35*p - 34*p. List the prime factors of o(m).
2, 3
Let d be (-6*(-5)/(-50))/(3/(-15)). What are the prime factors of (45/(-30))/(d/(-1004))?
2, 251
Let v = 52 + -87. Let m be 19/(-7) - (-10)/v. What are the prime factors of (-2)/m - 2873/(-51)?
3, 19
Let t(h) = 4*h + 71. Let v be t(-17). Suppose 4*q - 3*q + v*d = 481, -1935 = -4*q - d. What are the prime factors of q?
2, 11
Let r(z) = 45*z**2 - 5*z - 15. List the prime factors of r(17).
5, 29, 89
Let t(g) = 201*g**2 + 9*g - 62. List the prime factors of t(11).
2, 19, 641
Suppose -22627 = -4*t + 48581. List the prime factors of t.
2, 3, 23, 43
Let p be (7 - 4)*(-28)/3. Let t be 17/7 + p/(-49). Suppose 0 = -4*a - 5*d + 675, 0 = -5*a + t*d + 566 + 324. List the prime factors of a.
5, 7
Suppose 39*c - 10 = 44*c, 2*c + 2342 = 2*p. What are the prime factors of p + 15 + (5 - -1)?
2, 5, 7, 17
Let l(g) = 127*g + 1377. List the prime factors of l(4).
5, 13, 29
Suppose -x + 3*r - 5736 = -4*x, -5*x + 9581 = -2*r. Suppose x + 135 = 10*q. What are the prime factors of q?
5, 41
What are the prime factors of ((-825)/30 - -27) + 14507/2 + 0?
7253
Let a = -34 + 49. Let j(g) = -a*g**2 + 16*g**2 + 10 + 0*g - 1 + 5*g. What are the prime factors of j(-10)?
59
Let t be ((-55)/(-10) - 3)*(-8)/(-10). Let j be (-44)/(-3)*9/t. Suppose u = j + 79. List the prime factors of u.
5, 29
Suppose -19*y + 8667620 = 246*y. List the prime factors of y.
2, 13, 17, 37
Let a(s) = 5*s**2 + 4*s - 3. Let q be (2 + -4)/2 + 3. Let x be a(q). Suppose -24*u + x*u = 141. List the prime factors of u.
3, 47
Let u be (-110)/5*-4 + 7. Suppose 0 = u*h - 92*h - 2058. List the prime factors of h.
2, 7
Let d(t) = -647*t + 618. List the prime factors of d(-12).
2, 3, 11, 127
Let a(c) = 2*c**3 + 9*c**2 - 3*c + 26. Let w be a(-9). Let m = w - -1086. What are the prime factors of m?
2, 5, 41
Let x(w) = w**2 + 6*w + 3. Suppose -2*b = -0*b + 12. Let g be x(b). Suppose 0 = 5*y + 2*q - 32, q + 13 = g*y - 4. What are the prime factors of y?
2, 3
Let o(v) = 26*v**2 - 35*v - 51. Let w(c) = 5*c**2 - 7*c - 10. Suppose 0 = 4*m - 53 + 9. Let n(s) = m*w(s) - 2*o(s). What are the prime factors of n(6)?
2, 29
Let t = 57582 + -36608. What are the prime factors of t?
2, 10487
Let a(z) = 2*z + 36 - 10 + z. Suppose 0 = 3*d + 30 - 72. What are the prime factors of a(d)?
2, 17
Let s be (-3)/10 - 843297/(-390). Let o = -775 + s. List the prime factors of o.
19, 73
Let n be (-3*(-3)/(-9))/(1/(-1236)). Let k = -564 + n. What are the prime factors of k?
2, 3, 7
Let p = -13863 - -21562. List the prime factors of p.
7699
Suppose -4*x - 532 = -5*g + 3*g, 2*g + x = 537. What are the prime factors of g?
2, 67
Let g = -10 + 10. Suppose -2*w + v + 241 - 92 = 0, g = 4*w + v - 295. List the prime factors of w.
2, 37
Let p(m) = -2*m**2 - 4*m. Let j be p(-3). Let a(b) be the first derivative of -9*b**2 - 19*b + 54. List the prime factors of a(j).
89
Let b = 32970 + -13180. List the prime factors of b.
2, 5, 1979
Suppose 5*u - 4*b = 4*u - 13, -b - 107 = 5*u. Let c(n) = -n**3 - 22*n**2 - 21*n + 18. What are the prime factors of c(u)?
2, 3
Let w(f) = f**3 - 11*f**2 - f + 11. Let a be w(11). Suppose -4*t = -3*u - 2497, t - 619 = -a*u - u. List the prime factors of t.
2, 311
Let x(m) = m**2 - 44*m - 62. Let w be x(43). Let s = 497 + -344. Let d = w + s. List the prime factors of d.
2, 3
Let q = 38468 + 19252. What are the prime factors of q?
2, 3, 5, 13, 37
Let z = 12527 - 5884. What are the prime factors of z?
7, 13, 73
Suppose 74 = -13*v - 4. What are the prime factors of 1/(-1) + (v + 7)*632?
631
Suppose 4*a + 3042*k = 3045*k + 52809, 2*a = -4*k + 26432. What are the prime factors of a?
2, 3, 31, 71
Let b be (-975)/(-234) + 2/12*-1. List the prime factors of (b*-8 + 2)*(-7 - -2).
2, 3, 5
Let q be 5 - -12 - (-2 - -5). Suppose 4*m - 6*m = -68. Suppose 4*t = p + 320, -q + m = -5*p. List the prime factors of t.
79
Let k be 2617/3*(2 + -5). List the prime factors of k/(-5) - 9/(-15).
2, 131
Let o = 61 + -57. Suppose -2*d = -4*m + o, m = -4*m. What are the prime factors of (9 - 3) + d + 73?
7, 11
Let s = 252 - 238. Suppose 0 = 3*o - s*o + 4774. List the prime factors of o.
2, 7, 31
Let b = -49602 + 89236. What are the prime factors of b?
2, 7, 19, 149
Let v be 292 - (3 - (-3 - -11)). Suppose 4*t = 13*t - v. What are the prime factors of t?
3, 11
Let n(y) = 105*y**3 + 2*y**2 - 3*y + 2. Suppose 3*i + 0*d + 1 = d, 3*i - 5*d = -17. What are the prime factors of n(i)?
2, 53
Suppose -2*b + 1125 + 392 = v, v - 3*b - 1497 = 0. Let z = -908 + v. List the prime factors of z.
601
Let w = -19729 - -33542. What are the prime factors of w?
19, 727
List the prime factors of ((-148296)/(-18))/(-1 + 4 - (-91)/(-39)).
2, 37, 167
Suppose j - 7*p + 20 = -6*p, -8 = j + 2*p. Let x(h) = 2*h**3 + 32*h**2 - 12*h + 18. What are the prime factors of x(j)?
2, 3, 5, 7
Suppose 15336 = 4*c - t - 31439, 0 = 4*c + 5*t - 46805. List the prime factors of c.
5, 2339
Let m be 2/((-382)/(-1800) - (-6)/(-27)). List the prime factors of ((-303)/2)/(60/m).
5, 101
What are the prime factors of ((-2727)/(-6))/(9/66 - 0)?
3, 11, 101
Suppose -2*k - 4*h + 20 = 0, 5*k - 35 - 9 = -4*h. Suppose 0 = -f - 2*y + 558, k*f - 1107 = 6*f - y. What are the prime factors of f?
2, 3, 23
Suppose -2215 + 25567 = 4*u. What are the prime factors of u?
2, 3, 7, 139
Let q(i) = -i**2 + 12*i - 27. Let d be q(10). Let m(c) = c**3 + 9*c**2 - 14*c + 22. What are the prime factors of m(d)?
2, 109
Suppose 3*b + 5*a - 69918 = 2*a, 0 = -b - 4*a + 23327. What are the prime factors of b?
23, 1013
Let r(b) be the first derivative of b**4/4 - 5*b**2/2 + 286*b + 7. Let x be r(0). Let y = -142 + x. List the prime factors of y.
2, 3
Suppose -3918*b + 3716*b = -11893356. What are the prime factors of b?
2, 3, 3271
Let j be (-43926)/(-16) - 6/16. Suppose j = 4*r - 5*v - 2180, 3655 = 3*r + 4*v. Suppose -t + r = 4*t. List the prime factors of t.
5, 7
Suppose 48*b + 4789510 = 129*b + 1096234. What are the prime factors of b?
2, 11399
Suppose 122 = 2*m - 3*a - 46, -2*a = -m + 84. Suppose -16*w - m = -22*w. List the prime factors of (-256)/48*3/(-8)*w.
2, 7
Suppose 24 = -13*u + 17*u. Suppose 2*m - 4*g = -u*g + 106, -3*m + 134 = -2*g. What are the prime factors of (0 + m/2)/((-3)/(-6))?
2, 3
Suppose 213 + 203 = 8*y. Suppose 4*m + m = 0, -y = -2*g - m. Let p = 62 - g. List the prime factors of p.
2, 3
Suppose 0 = -9*o - 3*o. Suppose 2*t - 8*t + 1218 = o. List the prime factors of t.
7, 29
Let p = 56 + -37. Let f = p + -16. What are the prime factors of 2 + (15 - 1) + f?
19
Let b = -29 - -33. Let q(g) = -2*g**2 + 4*g + 1. Let k be q(b). List the prime factors of (-1 - 9/(-15)) + (-1161)/k.
7, 11
Suppose 8 = 3*r - 7. Let l(p) = -17*p. Let n be l(0). Suppose -4*u = n, 0*u + 240 = r*a - 3*u. List the prime factors of a.
2, 3
Suppose 32 - 22 = 5*b. List the prime factors of (147 - (-4 - 0))*b.
2, 151
Let b(j) be the third derivative of 5*j**4/24 + 13*j**3/6 + 18*j**2. Let k be b(-2). List the prime factors of (-1)/(k - 1072/356).
89
Let l(t) = -t**2 + 7*t + 9. Let d be l(6). Let x(v) = v - 28. Let c(b) = 1. Let w(k) = -6*c(k) - x(k). List the prime factors of w(d).
7
Suppose 39*t - 42*t = -9. What are the prime factors of (24/(-18))/(t/(-306))?
2, 17
Let g(t) = 112*t**2 - 6*t - 5. Let z be ((-7 - -10) + 7/(-2))*2. List the prime factors of g(z).
113
Let o(g) = -g - 29. Let a be o(-23). Let x(j) = 11*j**2 - 10. List the prime factors of x(a).
2, 193
Let i(j) = -3*j**2 - 89*j + 11. Let n be i(-27). Suppose 4*m - 196 = -2*a, 143 + n = 4*a - 3*m. Wha